ctor of 3636 and 180?
36
Calculate the greatest common factor of 98 and 8.
2
Calculate the greatest common divisor of 45 and 2775.
15
Calculate the highest common factor of 498 and 6308.
166
What is the greatest common divisor of 272 and 16?
16
Calculate the greatest common divisor of 253 and 69.
23
Calculate the greatest common divisor of 28 and 7966.
14
What is the greatest common divisor of 126 and 42?
42
Calculate the greatest common divisor of 10767 and 111.
111
Calculate the greatest common factor of 12 and 42.
6
Calculate the greatest common factor of 20196 and 44.
44
What is the greatest common divisor of 20 and 1170?
10
What is the greatest common divisor of 6 and 180?
6
What is the greatest common divisor of 26 and 208?
26
What is the greatest common divisor of 884 and 832?
52
Calculate the greatest common divisor of 395 and 4187.
79
What is the greatest common factor of 31 and 1?
1
Calculate the highest common divisor of 1584 and 24.
24
Calculate the greatest common divisor of 410 and 20.
10
Calculate the greatest common divisor of 2268 and 168.
84
What is the highest common factor of 6 and 54?
6
What is the greatest common divisor of 58 and 10?
2
Calculate the highest common divisor of 42744 and 26.
26
Calculate the highest common factor of 51 and 2295.
51
Calculate the greatest common factor of 217 and 21.
7
What is the greatest common divisor of 46 and 253?
23
What is the greatest common divisor of 15 and 5835?
15
Calculate the highest common divisor of 70 and 1246.
14
What is the highest common factor of 51 and 8?
1
Calculate the highest common divisor of 44 and 396.
44
Calculate the greatest common factor of 3 and 7509.
3
Calculate the highest common divisor of 88 and 55.
11
What is the greatest common divisor of 42 and 102?
6
What is the highest common divisor of 156 and 12?
12
What is the greatest common divisor of 2080 and 10?
10
Calculate the highest common factor of 39 and 2509.
13
What is the highest common factor of 171 and 12084?
57
Calculate the greatest common factor of 8 and 5756.
4
What is the greatest common divisor of 177 and 5133?
177
Calculate the highest common divisor of 272 and 391.
17
What is the highest common factor of 11869 and 1001?
143
What is the highest common divisor of 365 and 292?
73
Calculate the greatest common divisor of 4994 and 22.
22
What is the highest common factor of 245 and 539?
49
Calculate the highest common divisor of 20 and 290.
10
What is the greatest common divisor of 312 and 1404?
156
Calculate the highest common divisor of 20 and 25.
5
Calculate the highest common divisor of 54 and 28242.
54
Calculate the greatest common divisor of 19250 and 154.
154
What is the greatest common factor of 30 and 315?
15
What is the highest common divisor of 33 and 4686?
33
Calculate the highest common factor of 15 and 40.
5
What is the highest common factor of 390 and 120?
30
Calculate the highest common factor of 240 and 48.
48
Calculate the highest common factor of 21 and 159.
3
Calculate the greatest common divisor of 22 and 98.
2
What is the greatest common divisor of 1280 and 11840?
320
What is the highest common factor of 5152 and 69?
23
What is the greatest common divisor of 484 and 52?
4
Calculate the highest common divisor of 10 and 338.
2
What is the greatest common divisor of 410 and 8938?
82
Calculate the greatest common divisor of 462 and 336.
42
What is the greatest common factor of 16 and 28?
4
What is the greatest common divisor of 168 and 6321?
21
Calculate the highest common divisor of 81 and 303.
3
What is the greatest common factor of 77 and 176?
11
What is the highest common factor of 6 and 582?
6
What is the highest common divisor of 405 and 675?
135
What is the greatest common divisor of 55 and 3?
1
What is the highest common divisor of 169 and 26?
13
What is the highest common factor of 12 and 453?
3
What is the greatest common divisor of 88 and 1012?
44
Calculate the highest common factor of 30 and 1410.
30
Calculate the greatest common factor of 207 and 115.
23
What is the highest common divisor of 108 and 513?
27
Calculate the greatest common factor of 94 and 141.
47
Calculate the highest common divisor of 3156 and 48.
12
What is the greatest common divisor of 165 and 30?
15
What is the highest common divisor of 64 and 528?
16
What is the greatest common divisor of 540 and 13068?
108
What is the greatest common divisor of 3399 and 132?
33
Calculate the greatest common divisor of 164 and 287.
41
Calculate the greatest common factor of 636 and 12.
12
Calculate the greatest common divisor of 30 and 270.
30
What is the greatest common factor of 70 and 805?
35
What is the highest common factor of 1251 and 973?
139
What is the highest common divisor of 42297 and 69?
69
What is the greatest common factor of 1912 and 8?
8
Calculate the highest common factor of 684 and 2907.
171
What is the highest common divisor of 2323 and 207?
23
Calculate the greatest common divisor of 60 and 1065.
15
What is the highest common divisor of 2 and 298?
2
Calculate the highest common factor of 70 and 8960.
70
Calculate the highest common factor of 355 and 284.
71
Calculate the highest common divisor of 2369 and 103.
103
Calculate the greatest common factor of 118 and 1062.
118
Calculate the highest common factor of 62469 and 99.
99
Calculate the greatest common factor of 1066 and 169.
13
What is the highest common divisor of 297 and 8481?
33
Calculate the highest common factor of 4 and 19.
1
Calculate the highest common factor of 354 and 12.
6
What is the highest common divisor of 7733 and 1045?
209
What is the greatest common factor of 20 and 860?
20
Calculate the greatest common divisor of 5 and 160.
5
Calculate the greatest common factor of 78 and 416.
26
Calculate the greatest common factor of 40 and 4040.
40
Calculate the highest common factor of 12 and 516.
12
Calculate the highest common divisor of 5412 and 12.
12
What is the greatest common divisor of 21 and 11347?
7
Calculate the highest common factor of 28 and 80.
4
Calculate the highest common factor of 33 and 4125.
33
What is the greatest common factor of 360 and 1560?
120
What is the highest common divisor of 3876 and 57?
57
Calculate the greatest common divisor of 12288 and 48.
48
Calculate the greatest common divisor of 69 and 3.
3
What is the highest common divisor of 195 and 39?
39
Calculate the highest common divisor of 456 and 10146.
114
Calculate the highest common factor of 6 and 582.
6
What is the highest common factor of 75 and 1455?
15
What is the highest common divisor of 28 and 742?
14
What is the greatest common divisor of 391 and 23?
23
What is the highest common divisor of 510 and 51?
51
What is the greatest common factor of 18 and 276?
6
What is the greatest common factor of 335 and 35?
5
What is the greatest common factor of 375 and 15?
15
Calculate the greatest common divisor of 14 and 3661.
7
Calculate the greatest common divisor of 6 and 6414.
6
Calculate the greatest common divisor of 434 and 124.
62
Calculate the highest common divisor of 6692 and 56.
28
What is the greatest common divisor of 2904 and 462?
66
What is the greatest common divisor of 64 and 144?
16
Calculate the highest common factor of 637 and 182.
91
What is the highest common divisor of 20 and 8?
4
What is the greatest common divisor of 100 and 50?
50
What is the highest common divisor of 1 and 83?
1
What is the greatest common factor of 33 and 1298?
11
Calculate the greatest common factor of 98 and 2646.
98
What is the highest common divisor of 1313 and 808?
101
Calculate the highest common divisor of 198 and 225.
9
Calculate the highest common factor of 1549 and 4.
1
Calculate the greatest common divisor of 1403 and 183.
61
What is the greatest common factor of 15 and 6270?
15
Calculate the greatest common divisor of 147 and 196.
49
What is the greatest common factor of 21886 and 434?
62
Calculate the greatest common divisor of 344 and 2322.
86
What is the highest common factor of 2 and 64?
2
Calculate the highest common factor of 190 and 874.
38
What is the greatest common factor of 15 and 40?
5
Calculate the greatest common factor of 2898 and 504.
126
Calculate the highest common divisor of 7939 and 51.
17
Calculate the highest common d